= s - v. What is the tens digit of p?
4
Let y(r) be the first derivative of -7*r**4/8 + 13*r**3/3 - 7*r**2 - 8. Let m(l) be the second derivative of y(l). What is the tens digit of m(-6)?
5
Suppose -59*r + 782487 = -1145810. What is the thousands digit of r?
2
Let z(t) = 9*t - t - 5 + 84*t**2 - 83*t**2. Let i be z(-9). Suppose s = i*h + 206, -5*s - 5*h + 567 = -2*s. What is the units digit of s?
4
What is the units digit of 294/60 + -5 - 324204/(-40)?
5
Suppose 0 = -16*c + 111 + 209. Suppose c = 2*p + 12. Suppose y = p*z - 327, -z + 84 = 6*y - 4*y. What is the tens digit of z?
8
Let p(y) = -y + 5. Let k(i) = 3*i - 15. Let s(d) = 4*k(d) + 14*p(d). Let u be s(5). Let a(z) = -z**3 + z**2 + 34. What is the units digit of a(u)?
4
Let o(r) be the first derivative of 5*r**2/2 + 50*r - 2. Suppose -2*g + 9*k = 8*k - 53, -5*g = 5*k - 95. What is the hundreds digit of o(g)?
1
Let j(t) = 4*t**2 + 18*t - 5. Let k be j(-5). Let n = k - -140. What is the hundreds digit of n?
1
Let u(o) = -o**3 - 16*o**2 + 27*o + 53. Let d be u(-20). Let c = 2236 - d. What is the tens digit of c?
2
Let o(n) be the second derivative of 19*n**3/3 - 11*n**2/2 - n. Let d be 25/((-25)/8) - -12. What is the hundreds digit of o(d)?
1
Let h be (-21 - -12)*(-1)/3. Suppose h*t + 0*v - v - 334 = 0, -5*v + 10 = 0. What is the tens digit of (t - (1 + 1)) + -2?
0
Let v(l) = l**2 + 4*l - 18. Let c be 720/(-28) + 2/(-7). Let m(q) = q + 18. Let a be m(c). What is the units digit of v(a)?
4
Let i(o) = o**3 - o**2 - 19. Let j be i(0). Let f = j - -3. Let l = -11 - f. What is the units digit of l?
5
Let t be (-2202)/(-12) + 1/2. Suppose 29*o = 19*o + 20. Suppose -o*c = 2*c - t. What is the units digit of c?
6
Suppose 27*x + 828 = 23*x. Let q = x + 673. What is the tens digit of q?
6
Let w = 76 - 118. What is the tens digit of w/(-12)*32 + -6?
0
Suppose -13 = -4*m + 3*m + 3*j, 4*j = -m - 22. Let k be (-1)/4 + m/((-24)/3). Suppose 4*q - q - 63 = -2*o, k = -2*o + 5*q + 39. What is the tens digit of o?
2
Let v(g) = -g**2 - 79*g - 740. What is the tens digit of v(-36)?
0
Let f be 0/(1 + 7 - 5). Suppose 4*a - a - 4*k - 224 = f, -286 = -4*a - k. Suppose 4*n = a - 12. What is the tens digit of n?
1
Let u be (-8)/6*(27 + -18). Let d(w) = -3*w**2 - 36*w + 24. What is the tens digit of d(u)?
2
Suppose 2*n - 497 + 2143 = 2*i, -4*n + 4160 = 5*i. Let x = i - 464. What is the tens digit of x?
6
Suppose 16*s = 111*s - 1083000. What is the thousands digit of s?
1
Let u = 4176 - -2417. What is the hundreds digit of u?
5
Suppose -5*d - 1240 = -25*d. Let o(s) = s. Let q be o(4). Suppose -d = -3*w - 3*c + 100, q*w = -3*c + 215. What is the tens digit of w?
5
Suppose 4365 = -6*m + 14283. Let w = m - 430. What is the thousands digit of w?
1
Suppose 17*c - 23 = -159. Let l(t) = t**3 + 10*t**2 - 23*t - 27. What is the tens digit of l(c)?
8
Let t = -12 - -14. Suppose 5*b - 2*z + z = 4974, 5*b - 4973 = t*z. What is the tens digit of b/7 - 2/14?
4
Suppose 0 = 5*a - 3*z - 42619, -42617 = -5*a - 95*z + 99*z. What is the tens digit of a?
2
Let d(m) = -m**3 + 17*m**2 + m - 43. Let r be d(17). What is the units digit of r - -26 - (1 + -470)?
9
Let h = -188 - -122. Let q = h + 401. What is the hundreds digit of q?
3
Suppose 5*v = -22*g + 26*g + 2770, 5*v = 5*g + 2775. Let w = v + 831. What is the thousands digit of w?
1
Suppose 5*b - 15 = u, 7*u - 5*b = 8*u - 25. Suppose 0*t + 4*t = 0. Suppose u*z - 1290 = -t*z - 5*r, 0 = 4*r - 20. What is the tens digit of z?
5
Suppose -3*z = 2*l - 205, 0 = -7*z + 9*z + l - 138. Suppose -2*p - z = -99. What is the units digit of p?
4
Let h(u) = 1537*u + 384. What is the hundreds digit of h(6)?
6
Suppose -26434 = -2*z - 84*q + 79*q, -3*z = -q - 39600. What is the tens digit of z?
0
Suppose 0 = 25*n - 2388915 + 742990. What is the ten thousands digit of n?
6
Let m(q) = -67*q**3 - 2*q**2 - q. Let n be m(-1). Let g be -2 + 13 - (8 + 0). Suppose -2*o = 3*z - n, -2*z = -g*z + o + 22. What is the units digit of z?
2
Let n(a) = -a**3 + a**2 - a + 6. Let f be n(3). Let y be (-112)/(-20) - 6/f. Let k = 191 - y. What is the units digit of k?
5
Let t(i) = -i**2 + 21*i + 72. Let v be t(24). Suppose -23*l + 24*l - 266 = v. What is the hundreds digit of l?
2
Let j = -5824 - -18299. What is the ten thousands digit of j?
1
Suppose 9*t - 21*t - 205722 = -30*t. What is the tens digit of t?
2
Let l(j) = 148*j**2 + 39*j - 163. What is the tens digit of l(4)?
6
Suppose 5*b + 35 = -5*c, c + 4 - 3 = 2*b. Let m be -534*c/(-15)*-3. Let g = m + -266. What is the hundreds digit of g?
2
Suppose 81*a - 228076 = -79*a + 45204. What is the tens digit of a?
0
Suppose 78*b - 2*j - 11626 = 76*b, -5*b = 3*j - 29121. What is the thousands digit of b?
5
Suppose 0*t = -4*x + 2*t - 850, -3*t - 615 = 3*x. Let v be x/(-40) - ((-5)/(-4) + -1). Suppose 3*b + 2*p - 129 = 110, v*p = -25. What is the units digit of b?
3
Let u(q) = 11*q - 18. Suppose -74 = 4*x - 106. Let t be u(x). What is the units digit of 1/(1/t) - (13 - 12)?
9
Let z(j) be the third derivative of -j**6/120 + 7*j**5/30 - j**4/24 - 25*j**3/6 - 4*j**2. What is the hundreds digit of z(13)?
1
Let k be 2/(-9) + (-1780)/90. What is the tens digit of -1 - -130 - (k - -27)?
2
Suppose 16*d - 182 = 29*d. Let x(k) = -69*k + 447. What is the units digit of x(d)?
3
Let m(l) = 2*l + 3*l - 2*l + 558 + 3*l. Let n be m(0). What is the hundreds digit of (n/(-12))/((-9)/42)?
2
Let v = 42 + -56. Let j be (v/(-4) - 3)*-8. What is the units digit of 2 - -1*(-56)/j?
6
Let b = 793 + -789. Suppose 5*u = -b*v + 6039, -3*v = 2*u + v - 2418. What is the units digit of u?
7
Let t(b) = -b**3 + 33*b**2 + 41*b + 44. Let p be t(34). Suppose 0 = 2*l + 8, -2*l + 6*l + p = g. What is the units digit of g?
6
Suppose -5*h + 5*g + 7480 = 0, -4493 = -3*h - 7*g + 9*g. What is the tens digit of (-3 - 8/(-8)) + h?
9
Suppose 0 = -2*s - 4*c + 38300, -17 = -2*c - 13. What is the thousands digit of s?
9
Let u be (2/(-3))/((-45)/4185). Suppose 69*h - 3325 = u*h. What is the hundreds digit of h?
4
Let a(n) be the first derivative of 21*n**3 + 5*n**2/2 + 4*n + 88. What is the tens digit of a(-1)?
6
Let y = -204 + 200. Let c(p) = 99*p**2 + 11*p + 24. What is the tens digit of c(y)?
6
Let f be (5/(175/(-42)))/(1/(-350)). Suppose 15*p - f = 9*p. What is the units digit of p?
0
Let n(a) = a**3 + 16*a**2 - 24*a - 35. Suppose -4*k - 62 = -2*h, 15*k - 18*k - 57 = 2*h. What is the units digit of n(k)?
4
Let m = 2 + -1. Let c be m/2*(-5 - -5)/1. Suppose c = 2*n + 3*o - 273, -8*n + 10*n - 269 = o. What is the hundreds digit of n?
1
Let l(c) = -3701*c + 4261. What is the tens digit of l(-8)?
6
Suppose 0*t - t - 4 = s, 4*s = 4*t. Let g(w) = -609*w - 34. What is the units digit of g(t)?
4
What is the thousands digit of (54/36)/((-45)/12)*-123545?
9
Let m(r) = 1967*r**2 + 148*r + 449. What is the units digit of m(-3)?
8
Let r(b) = b + 4. Let y(w) = 203*w + 33. Let p(c) = -4*r(c) - y(c). What is the tens digit of p(-4)?
7
Let f(r) = r + 40. Let n(q) = 6*q**2 + q + 2*q**3 - 3 - q - q. Let v be n(-3). What is the tens digit of f(v)?
4
Suppose -3*o + 1132 = 4*w, -w - o = -94 - 189. Suppose -5*y = h - w - 377, -4*h - 2*y + 2676 = 0. What is the tens digit of h?
7
Let p(h) = h**2 - 37*h - 19. Let j be p(9). Let o = j + 634. What is the tens digit of o?
6
Let g(k) = -146*k - 950. What is the units digit of g(-21)?
6
Suppose 243*v - 20 = 239*v. What is the hundreds digit of (6*v/3)/((-4)/(-320))?
8
Let l = -5830 + 8654. What is the hundreds digit of l?
8
Let n = -168 - -259. Suppose 84*v + 385 = n*v. What is the tens digit of v?
5
Let d = 273 - 239. Suppose -d*t + 35*t - 510 = 0. What is the units digit of t?
0
Let f = 52 + -71. Let a(z) = z + 0*z + 13 - 4*z. What is the tens digit of a(f)?
7
Let w(b) be the second derivative of -b**5/20 + 13*b**4/12 + 11*b**3/6 + 3*b**2 - 5*b. Let p = 162 - 149. What is the units digit of w(p)?
9
Let t = -4446 - -11788. What is the units digit of t?
2
Let t(k) = -120*k + 12216. What is the ten thousands digit of t(0)?
1
Let q = 60824 - 30083. What is the ten thousands digit of q?
3
Let x(f) = f**3 + f**2 + 4*f + 14480. What is the units digit of x(0)?
0
Let r(y) = -20*y + 11*y - 7*y**3 + 11*y**2 + 3*y**3. Let p(o) = 11*o**3 - 33*o**2 + 27*o + 1. Let b(h) = -3*p(h) - 8*r(h). What is the hundreds digit of 